on factor of 1682 and 3886?
58
Calculate the greatest common divisor of 9984 and 195.
39
What is the highest common divisor of 91 and 14?
7
Calculate the highest common divisor of 26741 and 242.
121
Calculate the greatest common factor of 34 and 85.
17
What is the highest common divisor of 93 and 310?
31
What is the greatest common factor of 231 and 7?
7
Calculate the highest common divisor of 32 and 356.
4
What is the greatest common factor of 36 and 18873?
9
Calculate the greatest common divisor of 960 and 5.
5
Calculate the greatest common factor of 208 and 48.
16
Calculate the greatest common divisor of 99 and 44.
11
What is the greatest common factor of 14 and 6139?
7
What is the highest common factor of 51 and 459?
51
Calculate the greatest common divisor of 11 and 1793.
11
What is the highest common factor of 803 and 11?
11
What is the highest common factor of 189 and 504?
63
What is the highest common divisor of 36 and 69?
3
What is the greatest common divisor of 55 and 605?
55
Calculate the greatest common factor of 42 and 78813.
21
What is the greatest common divisor of 66 and 1089?
33
Calculate the greatest common divisor of 5439 and 111.
111
What is the highest common factor of 65 and 247?
13
What is the greatest common divisor of 5 and 19915?
5
What is the greatest common factor of 30 and 75?
15
What is the greatest common divisor of 376 and 8?
8
Calculate the greatest common divisor of 95 and 15.
5
What is the highest common divisor of 26 and 1378?
26
Calculate the greatest common divisor of 20 and 12.
4
Calculate the highest common divisor of 647 and 7.
1
Calculate the greatest common divisor of 4705 and 55.
5
Calculate the highest common factor of 304 and 95.
19
What is the highest common divisor of 90 and 390?
30
Calculate the highest common factor of 1936 and 572.
44
What is the highest common divisor of 1376 and 5848?
344
What is the highest common divisor of 7 and 4837?
7
Calculate the greatest common factor of 585 and 165.
15
What is the greatest common divisor of 47 and 94141?
47
What is the highest common divisor of 255 and 357?
51
Calculate the highest common factor of 53890 and 20.
10
Calculate the greatest common factor of 91 and 559.
13
What is the highest common factor of 55 and 176?
11
Calculate the greatest common divisor of 7 and 77.
7
Calculate the greatest common divisor of 108 and 72.
36
What is the greatest common factor of 14 and 140?
14
What is the greatest common divisor of 11 and 10967?
11
Calculate the greatest common factor of 12 and 6534.
6
Calculate the greatest common divisor of 2327 and 13.
13
What is the highest common factor of 948 and 36?
12
What is the greatest common divisor of 236 and 44?
4
What is the greatest common factor of 2875 and 23?
23
What is the highest common factor of 98 and 147?
49
What is the highest common factor of 23 and 23?
23
Calculate the greatest common divisor of 92 and 575.
23
Calculate the highest common factor of 108 and 90.
18
Calculate the highest common factor of 504 and 3696.
168
Calculate the greatest common factor of 129 and 46053.
129
Calculate the highest common divisor of 29 and 493.
29
What is the highest common divisor of 22 and 17402?
22
Calculate the highest common factor of 468 and 65.
13
What is the greatest common divisor of 24 and 204?
12
What is the highest common divisor of 292 and 4?
4
Calculate the highest common divisor of 30 and 66.
6
What is the greatest common factor of 76 and 57?
19
Calculate the highest common divisor of 137 and 10823.
137
What is the highest common divisor of 3944 and 2436?
116
Calculate the highest common divisor of 405 and 30.
15
Calculate the highest common divisor of 10 and 81.
1
Calculate the highest common divisor of 11 and 44.
11
What is the greatest common divisor of 88 and 638?
22
Calculate the greatest common divisor of 24 and 633.
3
Calculate the highest common divisor of 15 and 9.
3
What is the greatest common factor of 28 and 14742?
14
What is the greatest common divisor of 426 and 6?
6
Calculate the greatest common divisor of 10 and 25.
5
What is the highest common factor of 63 and 1575?
63
What is the greatest common factor of 864 and 756?
108
What is the highest common factor of 3366 and 198?
198
What is the greatest common factor of 12597 and 513?
57
What is the greatest common factor of 441 and 126?
63
What is the greatest common factor of 13 and 104?
13
Calculate the greatest common factor of 33 and 33.
33
What is the greatest common divisor of 75 and 150?
75
Calculate the highest common factor of 330 and 120.
30
Calculate the highest common divisor of 2 and 118.
2
Calculate the highest common divisor of 8799 and 21.
21
Calculate the highest common divisor of 1276 and 11.
11
Calculate the greatest common divisor of 300 and 24.
12
Calculate the greatest common divisor of 416 and 36.
4
What is the highest common factor of 72 and 90?
18
What is the greatest common factor of 44 and 37532?
44
Calculate the greatest common factor of 1608 and 134.
134
Calculate the greatest common factor of 29312 and 128.
128
What is the highest common factor of 28 and 574?
14
What is the greatest common divisor of 374 and 1078?
22
What is the highest common divisor of 90 and 180?
90
Calculate the greatest common factor of 2538 and 108.
54
What is the greatest common factor of 5605 and 95?
95
Calculate the greatest common divisor of 41 and 328.
41
Calculate the greatest common factor of 225 and 90.
45
What is the highest common factor of 2780 and 20?
20
Calculate the highest common divisor of 245 and 343.
49
What is the greatest common divisor of 6580 and 140?
140
Calculate the highest common factor of 207 and 99.
9
What is the greatest common divisor of 392 and 21?
7
What is the highest common factor of 24 and 1974?
6
What is the greatest common divisor of 182 and 210?
14
What is the highest common divisor of 14157 and 117?
117
Calculate the greatest common factor of 10 and 1405.
5
Calculate the greatest common factor of 165 and 1100.
55
Calculate the highest common divisor of 16 and 100.
4
What is the highest common divisor of 32 and 48?
16
What is the greatest common divisor of 345 and 6?
3
What is the greatest common factor of 5734 and 1880?
94
What is the highest common factor of 308 and 112?
28
What is the greatest common factor of 6 and 12318?
6
Calculate the highest common divisor of 1239 and 42.
21
Calculate the greatest common divisor of 20 and 160.
20
What is the greatest common factor of 7257 and 354?
177
What is the highest common factor of 100 and 1100?
100
Calculate the highest common factor of 48 and 3.
3
What is the highest common divisor of 272 and 1?
1
What is the highest common factor of 99 and 363?
33
What is the greatest common factor of 2 and 46?
2
What is the highest common divisor of 156 and 1053?
39
What is the highest common factor of 6190 and 20?
10
Calculate the greatest common factor of 20 and 28.
4
What is the highest common divisor of 168 and 1050?
42
Calculate the greatest common divisor of 41 and 4.
1
What is the greatest common factor of 328 and 2542?
82
What is the greatest common factor of 2140 and 140?
20
What is the greatest common factor of 352 and 96?
32
Calculate the greatest common factor of 4246 and 66.
22
Calculate the highest common factor of 2260 and 80.
20
What is the greatest common divisor of 86 and 9804?
86
What is the greatest common factor of 37730 and 35?
35
What is the highest common divisor of 1807 and 13?
13
What is the greatest common divisor of 3094 and 78?
26
Calculate the highest common divisor of 4922 and 92.
46
What is the greatest common divisor of 60 and 108?
12
Calculate the highest common divisor of 169 and 1.
1
What is the greatest common factor of 99 and 627?
33
Calculate the highest common factor of 342 and 27.
9
Calculate the highest common factor of 7141 and 193.
193
What is the highest common divisor of 68 and 12?
4
What is the greatest common factor of 6137 and 34?
17
What is the highest common divisor of 4141 and 82?
41
What is the greatest common divisor of 18426 and 166?
166
What is the highest common factor of 702 and 78?
78
Calculate the greatest common factor of 700 and 1540.
140
What is the greatest common factor of 441 and 504?
63
What is the h